{"id":1473,"date":"2022-03-17T21:09:07","date_gmt":"2022-03-17T21:09:07","guid":{"rendered":"http:\/\/www.defkakagit.com\/?page_id=1473"},"modified":"2022-03-17T21:09:08","modified_gmt":"2022-03-17T21:09:08","slug":"kuse-kagit","status":"publish","type":"page","link":"https:\/\/www.defkakagit.com\/index.php\/kuse-kagit\/","title":{"rendered":"Ku\u015fe Ka\u011f\u0131t"},"content":{"rendered":"","protected":false},"excerpt":{"rendered":"","protected":false},"author":1,"featured_media":0,"parent":0,"menu_order":0,"comment_status":"closed","ping_status":"closed","template":"","meta":[],"_links":{"self":[{"href":"https:\/\/www.defkakagit.com\/index.php\/wp-json\/wp\/v2\/pages\/1473"}],"collection":[{"href":"https:\/\/www.defkakagit.com\/index.php\/wp-json\/wp\/v2\/pages"}],"about":[{"href":"https:\/\/www.defkakagit.com\/index.php\/wp-json\/wp\/v2\/types\/page"}],"author":[{"embeddable":true,"href":"https:\/\/www.defkakagit.com\/index.php\/wp-json\/wp\/v2\/users\/1"}],"replies":[{"embeddable":true,"href":"https:\/\/www.defkakagit.com\/index.php\/wp-json\/wp\/v2\/comments?post=1473"}],"version-history":[{"count":1,"href":"https:\/\/www.defkakagit.com\/index.php\/wp-json\/wp\/v2\/pages\/1473\/revisions"}],"predecessor-version":[{"id":1474,"href":"https:\/\/www.defkakagit.com\/index.php\/wp-json\/wp\/v2\/pages\/1473\/revisions\/1474"}],"wp:attachment":[{"href":"https:\/\/www.defkakagit.com\/index.php\/wp-json\/wp\/v2\/media?parent=1473"}],"curies":[{"name":"wp","href":"https:\/\/api.w.org\/{rel}","templated":true}]}}